{"id":377,"date":"2021-11-15T11:52:27","date_gmt":"2021-11-15T11:52:27","guid":{"rendered":"https:\/\/abdullah.com.tr\/?page_id=377"},"modified":"2021-11-22T13:44:39","modified_gmt":"2021-11-22T13:44:39","slug":"torba-urunler","status":"publish","type":"page","link":"https:\/\/abdullah.com.tr\/?page_id=377","title":{"rendered":"Torba \u00dcr\u00fcnler"},"content":{"rendered":"\n<figure class=\"wp-block-gallery alignwide columns-5 is-cropped wp-block-gallery-1 is-layout-flex wp-block-gallery-is-layout-flex\"><ul class=\"blocks-gallery-grid\"><li class=\"blocks-gallery-item\"><figure><img loading=\"lazy\" decoding=\"async\" width=\"658\" height=\"600\" src=\"https:\/\/abdullah.com.tr\/wp-content\/uploads\/2021\/11\/Acibadem.jpg\" alt=\"\" data-id=\"297\" data-full-url=\"https:\/\/abdullah.com.tr\/wp-content\/uploads\/2021\/11\/Acibadem.jpg\" data-link=\"https:\/\/abdullah.com.tr\/?attachment_id=297\" class=\"wp-image-297\" srcset=\"https:\/\/abdullah.com.tr\/wp-content\/uploads\/2021\/11\/Acibadem.jpg 658w, https:\/\/abdullah.com.tr\/wp-content\/uploads\/2021\/11\/Acibadem-300x274.jpg 300w\" sizes=\"auto, (max-width: 658px) 100vw, 658px\" \/><figcaption class=\"blocks-gallery-item__caption\">Ac\u0131badem<\/figcaption><\/figure><\/li><li class=\"blocks-gallery-item\"><figure><img loading=\"lazy\" decoding=\"async\" width=\"644\" height=\"600\" src=\"https:\/\/abdullah.com.tr\/wp-content\/uploads\/2021\/11\/Koko.jpg\" alt=\"\" data-id=\"303\" data-full-url=\"https:\/\/abdullah.com.tr\/wp-content\/uploads\/2021\/11\/Koko.jpg\" data-link=\"https:\/\/abdullah.com.tr\/?attachment_id=303\" class=\"wp-image-303\" srcset=\"https:\/\/abdullah.com.tr\/wp-content\/uploads\/2021\/11\/Koko.jpg 644w, https:\/\/abdullah.com.tr\/wp-content\/uploads\/2021\/11\/Koko-300x280.jpg 300w\" sizes=\"auto, (max-width: 644px) 100vw, 644px\" \/><figcaption class=\"blocks-gallery-item__caption\">Koko<\/figcaption><\/figure><\/li><li class=\"blocks-gallery-item\"><figure><img loading=\"lazy\" decoding=\"async\" width=\"651\" height=\"600\" src=\"https:\/\/abdullah.com.tr\/wp-content\/uploads\/2021\/11\/Anasonlu-Galet.jpg\" alt=\"\" data-id=\"298\" data-full-url=\"https:\/\/abdullah.com.tr\/wp-content\/uploads\/2021\/11\/Anasonlu-Galet.jpg\" data-link=\"https:\/\/abdullah.com.tr\/?attachment_id=298\" class=\"wp-image-298\" srcset=\"https:\/\/abdullah.com.tr\/wp-content\/uploads\/2021\/11\/Anasonlu-Galet.jpg 651w, https:\/\/abdullah.com.tr\/wp-content\/uploads\/2021\/11\/Anasonlu-Galet-300x276.jpg 300w\" sizes=\"auto, (max-width: 651px) 100vw, 651px\" \/><figcaption class=\"blocks-gallery-item__caption\">Anasonlu Galet<\/figcaption><\/figure><\/li><li class=\"blocks-gallery-item\"><figure><img loading=\"lazy\" decoding=\"async\" width=\"650\" height=\"600\" src=\"https:\/\/abdullah.com.tr\/wp-content\/uploads\/2021\/11\/Beze.jpg\" alt=\"\" data-id=\"300\" data-full-url=\"https:\/\/abdullah.com.tr\/wp-content\/uploads\/2021\/11\/Beze.jpg\" data-link=\"https:\/\/abdullah.com.tr\/?attachment_id=300\" class=\"wp-image-300\" srcset=\"https:\/\/abdullah.com.tr\/wp-content\/uploads\/2021\/11\/Beze.jpg 650w, https:\/\/abdullah.com.tr\/wp-content\/uploads\/2021\/11\/Beze-300x277.jpg 300w\" sizes=\"auto, (max-width: 650px) 100vw, 650px\" \/><figcaption class=\"blocks-gallery-item__caption\">Beze<\/figcaption><\/figure><\/li><li class=\"blocks-gallery-item\"><figure><img loading=\"lazy\" decoding=\"async\" width=\"655\" height=\"600\" src=\"https:\/\/abdullah.com.tr\/wp-content\/uploads\/2021\/11\/Halka.jpg\" alt=\"\" data-id=\"301\" data-full-url=\"https:\/\/abdullah.com.tr\/wp-content\/uploads\/2021\/11\/Halka.jpg\" data-link=\"https:\/\/abdullah.com.tr\/?attachment_id=301\" class=\"wp-image-301\" srcset=\"https:\/\/abdullah.com.tr\/wp-content\/uploads\/2021\/11\/Halka.jpg 655w, https:\/\/abdullah.com.tr\/wp-content\/uploads\/2021\/11\/Halka-300x275.jpg 300w\" sizes=\"auto, (max-width: 655px) 100vw, 655px\" \/><figcaption class=\"blocks-gallery-item__caption\">Halka<\/figcaption><\/figure><\/li><li class=\"blocks-gallery-item\"><figure><img loading=\"lazy\" decoding=\"async\" width=\"638\" height=\"600\" src=\"https:\/\/abdullah.com.tr\/wp-content\/uploads\/2021\/11\/Kasarli-Galet.jpg\" alt=\"\" data-id=\"302\" data-full-url=\"https:\/\/abdullah.com.tr\/wp-content\/uploads\/2021\/11\/Kasarli-Galet.jpg\" data-link=\"https:\/\/abdullah.com.tr\/?attachment_id=302\" class=\"wp-image-302\" srcset=\"https:\/\/abdullah.com.tr\/wp-content\/uploads\/2021\/11\/Kasarli-Galet.jpg 638w, https:\/\/abdullah.com.tr\/wp-content\/uploads\/2021\/11\/Kasarli-Galet-300x282.jpg 300w\" sizes=\"auto, (max-width: 638px) 100vw, 638px\" \/><figcaption class=\"blocks-gallery-item__caption\">Ka\u015farl\u0131 Galet<\/figcaption><\/figure><\/li><li class=\"blocks-gallery-item\"><figure><img loading=\"lazy\" decoding=\"async\" width=\"670\" height=\"600\" src=\"https:\/\/abdullah.com.tr\/wp-content\/uploads\/2021\/11\/Krikkrak.jpg\" alt=\"\" data-id=\"304\" data-full-url=\"https:\/\/abdullah.com.tr\/wp-content\/uploads\/2021\/11\/Krikkrak.jpg\" data-link=\"https:\/\/abdullah.com.tr\/?attachment_id=304\" class=\"wp-image-304\" srcset=\"https:\/\/abdullah.com.tr\/wp-content\/uploads\/2021\/11\/Krikkrak.jpg 670w, https:\/\/abdullah.com.tr\/wp-content\/uploads\/2021\/11\/Krikkrak-300x269.jpg 300w\" sizes=\"auto, (max-width: 670px) 100vw, 670px\" \/><figcaption class=\"blocks-gallery-item__caption\">Krikkrak<\/figcaption><\/figure><\/li><li class=\"blocks-gallery-item\"><figure><img loading=\"lazy\" decoding=\"async\" width=\"633\" height=\"600\" src=\"https:\/\/abdullah.com.tr\/wp-content\/uploads\/2021\/11\/Selanik-Gevregi.jpg\" alt=\"\" data-id=\"305\" data-full-url=\"https:\/\/abdullah.com.tr\/wp-content\/uploads\/2021\/11\/Selanik-Gevregi.jpg\" data-link=\"https:\/\/abdullah.com.tr\/?attachment_id=305\" class=\"wp-image-305\" srcset=\"https:\/\/abdullah.com.tr\/wp-content\/uploads\/2021\/11\/Selanik-Gevregi.jpg 633w, https:\/\/abdullah.com.tr\/wp-content\/uploads\/2021\/11\/Selanik-Gevregi-300x284.jpg 300w\" sizes=\"auto, (max-width: 633px) 100vw, 633px\" \/><figcaption class=\"blocks-gallery-item__caption\">Selanik Gevre\u011fi<\/figcaption><\/figure><\/li><li class=\"blocks-gallery-item\"><figure><img loading=\"lazy\" decoding=\"async\" width=\"683\" height=\"600\" src=\"https:\/\/abdullah.com.tr\/wp-content\/uploads\/2021\/11\/Susamli-Krikkrak.jpg\" alt=\"\" data-id=\"306\" data-full-url=\"https:\/\/abdullah.com.tr\/wp-content\/uploads\/2021\/11\/Susamli-Krikkrak.jpg\" data-link=\"https:\/\/abdullah.com.tr\/?attachment_id=306\" class=\"wp-image-306\" srcset=\"https:\/\/abdullah.com.tr\/wp-content\/uploads\/2021\/11\/Susamli-Krikkrak.jpg 683w, https:\/\/abdullah.com.tr\/wp-content\/uploads\/2021\/11\/Susamli-Krikkrak-300x264.jpg 300w\" sizes=\"auto, (max-width: 683px) 100vw, 683px\" \/><figcaption class=\"blocks-gallery-item__caption\">Susaml\u0131 Krikkrak<\/figcaption><\/figure><\/li><li class=\"blocks-gallery-item\"><figure><img loading=\"lazy\" decoding=\"async\" width=\"659\" height=\"600\" src=\"https:\/\/abdullah.com.tr\/wp-content\/uploads\/2021\/11\/Susamli-Simit.jpg\" alt=\"\" data-id=\"307\" data-full-url=\"https:\/\/abdullah.com.tr\/wp-content\/uploads\/2021\/11\/Susamli-Simit.jpg\" data-link=\"https:\/\/abdullah.com.tr\/?attachment_id=307\" class=\"wp-image-307\" srcset=\"https:\/\/abdullah.com.tr\/wp-content\/uploads\/2021\/11\/Susamli-Simit.jpg 659w, https:\/\/abdullah.com.tr\/wp-content\/uploads\/2021\/11\/Susamli-Simit-300x273.jpg 300w\" sizes=\"auto, (max-width: 659px) 100vw, 659px\" \/><figcaption class=\"blocks-gallery-item__caption\">Susaml\u0131 Kandil Simidi<\/figcaption><\/figure><\/li><\/ul><\/figure>\n\n\n\n<figure class=\"wp-block-gallery columns-0 is-cropped wp-block-gallery-2 is-layout-flex wp-block-gallery-is-layout-flex\"><ul class=\"blocks-gallery-grid\"><\/ul><\/figure>\n","protected":false},"excerpt":{"rendered":"Ac\u0131bademKokoAnasonlu GaletBezeHalkaKa\u015farl\u0131 GaletKrikkrakSelanik Gevre\u011fiSusaml\u0131 KrikkrakSusaml\u0131 Kandil Simidi","protected":false},"author":1,"featured_media":0,"parent":0,"menu_order":0,"comment_status":"closed","ping_status":"closed","template":"","meta":{"footnotes":""},"class_list":["post-377","page","type-page","status-publish","hentry"],"_links":{"self":[{"href":"https:\/\/abdullah.com.tr\/index.php?rest_route=\/wp\/v2\/pages\/377","targetHints":{"allow":["GET"]}}],"collection":[{"href":"https:\/\/abdullah.com.tr\/index.php?rest_route=\/wp\/v2\/pages"}],"about":[{"href":"https:\/\/abdullah.com.tr\/index.php?rest_route=\/wp\/v2\/types\/page"}],"author":[{"embeddable":true,"href":"https:\/\/abdullah.com.tr\/index.php?rest_route=\/wp\/v2\/users\/1"}],"replies":[{"embeddable":true,"href":"https:\/\/abdullah.com.tr\/index.php?rest_route=%2Fwp%2Fv2%2Fcomments&post=377"}],"version-history":[{"count":4,"href":"https:\/\/abdullah.com.tr\/index.php?rest_route=\/wp\/v2\/pages\/377\/revisions"}],"predecessor-version":[{"id":485,"href":"https:\/\/abdullah.com.tr\/index.php?rest_route=\/wp\/v2\/pages\/377\/revisions\/485"}],"wp:attachment":[{"href":"https:\/\/abdullah.com.tr\/index.php?rest_route=%2Fwp%2Fv2%2Fmedia&parent=377"}],"curies":[{"name":"wp","href":"https:\/\/api.w.org\/{rel}","templated":true}]}}